{"id":660,"date":"2025-07-05T20:26:11","date_gmt":"2025-07-05T18:26:11","guid":{"rendered":"https:\/\/k-lago.beebox.de\/restaurant\/?page_id=660"},"modified":"2026-03-08T11:41:29","modified_gmt":"2026-03-08T10:41:29","slug":"quellennachweis","status":"publish","type":"page","link":"https:\/\/k-lago.beebox.de\/restaurant\/quellennachweis\/","title":{"rendered":"Quellennachweis"},"content":{"rendered":"\n<div class=\"et_pb_section_0 et_pb_section et_pb_fullwidth_section et_section_regular et_block_section\"><section class=\"et_pb_fullwidth_header_0 et_pb_fullwidth_header et_pb_fullscreen et_pb_bg_layout_dark et_pb_text_align_center et_pb_section_parallax et_pb_module et_flex_module\"><span class=\"et-pb-parallax-wrapper\"><span class=\"et-pb-parallax-background et-pb-parallax-background-module--divi-fullwidth-header-0\" style=\"background-image:url(https:\/\/k-lago.beebox.de\/restaurant\/wp-content\/uploads\/2025\/07\/Pexels-jahazrod7-352894-Fotograf-Kameralinse-Prota-B1920xH1080px.jpg)\"><\/span><\/span><div class=\"et_pb_fullwidth_header_container center\"><div class=\"header-content-container center\"><div class=\"header-content et_flex_module\"><h1 class=\"et_pb_module_header\">Quellennachweis<\/h1><div class=\"et_pb_header_button_wrapper\"><\/div><\/div><\/div><\/div><div class=\"et_pb_fullwidth_header_overlay\"><\/div><div class=\"et_pb_fullwidth_header_scroll\"><a class=\"scroll-down-container\" href=\"#\"><span class=\"scroll-down et-pb-icon\">;<\/span><\/a><\/div><\/section><\/div><div class=\"et_pb_section_1 et_pb_section et_section_regular et_block_section\"><div class=\"et_pb_row_0 et_pb_row et_block_row\"><div class=\"et_pb_column_0 et_pb_column et_pb_column_2_5 et_block_column et_pb_css_mix_blend_mode_passthrough\"><div class=\"et_pb_text_0 et_pb_text et_pb_bg_layout_light et_pb_module et_block_module\"><div class=\"et_pb_text_inner\"><h1>Quellennachweis<\/h1>\n<p>Alle Inhalte, Werke, Daten und das Design dieser Website sind urheberrechtlich gesch\u00fctzt.<\/p>\n<\/div><\/div><\/div><div class=\"et_pb_column_1 et_pb_column et_pb_column_3_5 et-last-child et_block_column et_pb_css_mix_blend_mode_passthrough\"><div class=\"et_pb_text_1 et_pb_text et_pb_bg_layout_light et_pb_module et_block_module\"><div class=\"et_pb_text_inner\"><p>S\u00e4mtliche Inhalte dienen ausschlie\u00dflich der pers\u00f6nlichen Information. Jegliche Bearbeitung, Vervielf\u00e4ltigung, Verbreitung und \u00f6ffentliche Wiedergabe ist untersagt und wird somit bei Zuwiderhandlung strafrechtlich verfolgt und zum Schadensersatz verpflichtet. Die \u00dcbernahme, Ver\u00f6ffentlichung oder Nutzung von Texten, Bildern oder anderen Daten bedarf der ausdr\u00fccklichen und schriftlichen Zustimmung der im <a href=\"https:\/\/k-lago.beebox.de\/restaurant\/impressum\/\">Impressum<\/a> genannten und nachfolgend tabellarisch aufgef\u00fchrten Firmen und Personen.<\/p>\n<\/div><\/div><\/div><\/div><div class=\"et_pb_row_1 et_pb_row et_block_row\"><div class=\"et_pb_column_2 et_pb_column et_pb_column_4_4 et-last-child et_block_column et_pb_css_mix_blend_mode_passthrough\"><div class=\"et_pb_text_2 et_pb_text et_pb_bg_layout_light et_pb_module et_block_module\"><div class=\"et_pb_text_inner\"><table style=\"width: 100%;\" width=\"100%\">\n<tbody>\n<tr>\n<th style=\"width: auto;\">Seite\/Thema<\/th>\n<th style=\"width: auto;\">Motiv<\/th>\n<th style=\"width: auto;\">Agentur<\/th>\n<th style=\"width: auto;\">K\u00fcnstler*in<\/th>\n<\/tr>\n<tr>\n<td style=\"width: auto;\">Startseite\/Slider<\/td>\n<td style=\"width: auto;\">Weinflasche Grauburgunder<\/td>\n<td style=\"width: auto;\">Lago Freiburg<\/td>\n<td style=\"width: auto;\">Sonja Schmidt<\/td>\n<\/tr>\n<tr>\n<td style=\"width: auto;\">Startseite\/Slider<\/td>\n<td style=\"width: auto;\">S\u00fc\u00dfkartoffel-Teller<\/td>\n<td style=\"width: auto;\">Lago Freiburg<\/td>\n<td style=\"width: auto;\">Sonja Schmidt<\/td>\n<\/tr>\n<tr>\n<td style=\"width: auto;\">Startseite\/Slider<\/td>\n<td style=\"width: auto;\">Steak-Teller<\/td>\n<td style=\"width: auto;\">Lago Freiburg<\/td>\n<td style=\"width: auto;\">Sonja Schmidt<\/td>\n<\/tr>\n<tr>\n<td style=\"width: auto;\">Startseite\/Slider<\/td>\n<td style=\"width: auto;\">Kuchen-Vitrine und Kommode<\/td>\n<td style=\"width: auto;\">Lago Freiburg<\/td>\n<td style=\"width: auto;\">Sonja Schmidt<\/td>\n<\/tr>\n<tr>\n<td style=\"width: auto;\">Startseite\/Slider<\/td>\n<td style=\"width: auto;\">Erdbeer-Dessertteller<\/td>\n<td style=\"width: auto;\">Lago Freiburg<\/td>\n<td style=\"width: auto;\">Sonja Schmidt<\/td>\n<\/tr>\n<tr>\n<td style=\"width: auto;\">Startseite\/Slider<\/td>\n<td style=\"width: auto;\">Tochter und Vater<\/td>\n<td style=\"width: auto;\">Pexels<\/td>\n<td style=\"width: auto;\">Kampus Production<\/td>\n<\/tr>\n<tr>\n<td style=\"width: auto;\">Startseite<\/td>\n<td style=\"width: auto;\">Seeblick auf Lago und Seeb\u00fchne<\/td>\n<td style=\"width: auto;\">Lago Freiburg<\/td>\n<td style=\"width: auto;\">Sonja Schmidt<\/td>\n<\/tr>\n<tr>\n<td style=\"width: auto;\">Startseite<\/td>\n<td style=\"width: auto;\">Blick von Lago auf See und Tempelchen<\/td>\n<td style=\"width: auto;\">Lago Freiburg<\/td>\n<td style=\"width: auto;\">Sonja Schmidt<\/td>\n<\/tr>\n<tr>\n<td style=\"width: auto;\">Mittagskarte\/Topmotiv<\/td>\n<td style=\"width: auto;\">Gem\u00fcse-Pfannkuchen<\/td>\n<td style=\"width: auto;\">Lago Freiburg<\/td>\n<td style=\"width: auto;\">Sonja Schmidt<\/td>\n<\/tr>\n<tr>\n<td style=\"width: auto;\">Speisekarte\/Topmotiv<\/td>\n<td style=\"width: auto;\">Nackensteak mt Salat<\/td>\n<td style=\"width: auto;\">Lago Freiburg<\/td>\n<td style=\"width: auto;\">Sonja Schmidt<\/td>\n<\/tr>\n<tr>\n<td style=\"width: auto;\">Kinderkarte\/Topmotiv<\/td>\n<td style=\"width: auto;\">Kleines Kind isst Pommes<\/td>\n<td style=\"width: auto;\">Unsplash<\/td>\n<td style=\"width: auto;\">Zhenzhong Liu<\/td>\n<\/tr>\n<tr>\n<td style=\"width: auto;\">Dessert+Kuchen\/Topmotiv<\/td>\n<td style=\"width: auto;\">Eisschale mit Sahne und Waffel<\/td>\n<td style=\"width: auto;\">Lago Freiburg<\/td>\n<td style=\"width: auto;\">Sonja Schmidt<\/td>\n<\/tr>\n<tr>\n<td style=\"width: auto;\">Getr\u00e4nkekarte\/Topmotiv<\/td>\n<td style=\"width: auto;\">Eisw\u00fcrfel fallen in Limonadeglas<\/td>\n<td style=\"width: auto;\">Pexels<\/td>\n<td style=\"width: auto;\">Aidin Gheshlaghi<\/td>\n<\/tr>\n<tr>\n<td style=\"width: auto;\">Getr\u00e4nkekarte<\/td>\n<td style=\"width: auto;\">Cappucchino und Wasserglas<\/td>\n<td style=\"width: auto;\">Unsplash<\/td>\n<td style=\"width: auto;\">Markus Spiske<\/td>\n<\/tr>\n<tr>\n<td style=\"width: auto;\">Impressum\/Topmotiv<\/td>\n<td style=\"width: auto;\">Seeblick auf Lago und Seeb\u00fchne<\/td>\n<td style=\"width: auto;\">Lago Freiburg<\/td>\n<td style=\"width: auto;\">Sonja Schmidt<\/td>\n<\/tr>\n<tr>\n<td style=\"width: auto;\">Datenschutz\/Topmotiv<\/td>\n<td style=\"width: auto;\">Smartphone-Foto von Vater mit Kind<\/td>\n<td style=\"width: auto;\">Pexels<\/td>\n<td style=\"width: auto;\">RDNE-Stock-Project<\/td>\n<\/tr>\n<tr>\n<td style=\"width: auto;\">Cookie-Richtline\/Topmotiv<\/td>\n<td style=\"width: auto;\">Walnuss-Cookies<\/td>\n<td style=\"width: auto;\">Pexels<\/td>\n<td style=\"width: auto;\">Fabiano Pimentel<\/td>\n<\/tr>\n<tr>\n<td style=\"width: auto;\">Quellennachweis\/Topmotiv<\/td>\n<td style=\"width: auto;\">Fotograf hinter Kameralinse<\/td>\n<td style=\"width: auto;\">Pexels<\/td>\n<td style=\"width: auto;\">Prota<\/td>\n<\/tr>\n<tr>\n<td style=\"width: auto;\">Kontakt-Empfangsbest\u00e4tigung<\/td>\n<td style=\"width: auto;\">Flaschenpost auf dem Wasser<\/td>\n<td style=\"width: auto;\">Pixabay<\/td>\n<td style=\"width: auto;\">Marc Manhart<\/td>\n<\/tr>\n<tr>\n<td style=\"width: auto;\">404 Page not found<\/td>\n<td style=\"width: auto;\">Zwei tauchende Enten<\/td>\n<td style=\"width: auto;\">Pixabay<\/td>\n<td style=\"width: auto;\">Rene Rauschenberger<\/td>\n<\/tr>\n<\/tbody>\n<\/table>\n<\/div><\/div><\/div><\/div><\/div>\n","protected":false},"excerpt":{"rendered":"","protected":false},"author":2,"featured_media":0,"parent":0,"menu_order":9,"comment_status":"closed","ping_status":"closed","template":"","meta":{"_seopress_robots_primary_cat":"","_seopress_titles_title":"","_seopress_titles_desc":"","_seopress_robots_index":"","_seopress_analysis_target_kw":"","footnotes":""},"class_list":["post-660","page","type-page","status-publish","hentry"],"dsm_author":{"name":"Danny","avatar_url":"https:\/\/secure.gravatar.com\/avatar\/2e44fae07d5f2b8121259c17704a53eaf8d96f8465b91dc2c82bfe3dec0dc975?s=96&d=mm&r=g","archive_link":"https:\/\/k-lago.beebox.de\/restaurant\/author\/bbxadmin\/","biodata":""},"dsm_categories":[],"dsm_attachment_categories":[],"dsm_featured_image":null,"dsm_comment_count":0,"_links":{"self":[{"href":"https:\/\/k-lago.beebox.de\/restaurant\/wp-json\/wp\/v2\/pages\/660","targetHints":{"allow":["GET"]}}],"collection":[{"href":"https:\/\/k-lago.beebox.de\/restaurant\/wp-json\/wp\/v2\/pages"}],"about":[{"href":"https:\/\/k-lago.beebox.de\/restaurant\/wp-json\/wp\/v2\/types\/page"}],"author":[{"embeddable":true,"href":"https:\/\/k-lago.beebox.de\/restaurant\/wp-json\/wp\/v2\/users\/2"}],"replies":[{"embeddable":true,"href":"https:\/\/k-lago.beebox.de\/restaurant\/wp-json\/wp\/v2\/comments?post=660"}],"version-history":[{"count":23,"href":"https:\/\/k-lago.beebox.de\/restaurant\/wp-json\/wp\/v2\/pages\/660\/revisions"}],"predecessor-version":[{"id":1280,"href":"https:\/\/k-lago.beebox.de\/restaurant\/wp-json\/wp\/v2\/pages\/660\/revisions\/1280"}],"wp:attachment":[{"href":"https:\/\/k-lago.beebox.de\/restaurant\/wp-json\/wp\/v2\/media?parent=660"}],"curies":[{"name":"wp","href":"https:\/\/api.w.org\/{rel}","templated":true}]}}