{"id":32,"date":"2025-07-03T11:10:29","date_gmt":"2025-07-03T09:10:29","guid":{"rendered":"https:\/\/k-lago.beebox.de\/restaurant\/?page_id=32"},"modified":"2026-03-08T15:24:14","modified_gmt":"2026-03-08T14:24:14","slug":"kontakt-anfahrt","status":"publish","type":"page","link":"https:\/\/k-lago.beebox.de\/restaurant\/kontakt-anfahrt\/","title":{"rendered":"Kontakt+Anfahrt"},"content":{"rendered":"<div class=\"et_pb_section_0 et_pb_section et_pb_fullwidth_section et_section_regular et_block_section\">\n<section class=\"et_pb_fullwidth_header_0 et_pb_fullwidth_header et_pb_fullscreen et_pb_bg_layout_dark et_pb_text_align_center et_pb_section_parallax et_pb_module et_flex_module\"><span class=\"et-pb-parallax-wrapper\"><span class=\"et-pb-parallax-background et-pb-parallax-background-module--divi-fullwidth-header-0\" style=\"background-image:url(https:\/\/k-lago.beebox.de\/restaurant\/wp-content\/uploads\/2025\/07\/Pexels-9052996-Papierschiffchen-im-Wasser-Shvets-Production-B1920xH1080px.jpg)\"><\/span><\/span><div class=\"et_pb_fullwidth_header_container center\"><div class=\"header-content-container center\"><div class=\"header-content et_flex_module\"><h1 class=\"et_pb_module_header\">Kontakt \u2022 Anfahrt \u2022 Reservierung<\/h1><div class=\"et_pb_header_button_wrapper\"><\/div><\/div><\/div><\/div><div class=\"et_pb_fullwidth_header_overlay\"><\/div><div class=\"et_pb_fullwidth_header_scroll\"><a class=\"scroll-down-container\" href=\"#\"><span class=\"scroll-down et-pb-icon\">;<\/span><\/a><\/div><\/section>\n<\/div>\n\n<div class=\"et_pb_section_1 et_pb_section et_section_regular et_block_section\" id=\"sektion-reservierung\">\n<div class=\"et_pb_row_0 et_pb_row et_block_row\">\n<div class=\"et_pb_column_0 et_pb_column et_pb_column_1_3 et_block_column et_pb_css_mix_blend_mode_passthrough\">\n<div class=\"et_pb_text_0 et_pb_text et_pb_bg_layout_light et_pb_module et_block_module\"><div class=\"et_pb_text_inner\"><h1>Ihre Frage,<br \/>Ihre Reservierung:<\/h1>\n<p>Bitte ber\u00fccksichtigen Sie, dass Reservierungen per E-Mail oder Kontakt\u00adformular mindesten 1 Arbeits\u00adtag zur Bearbeitung ben\u00f6tigen. Alternativ k\u00f6nnen Sie uns w\u00e4hrend unserer \u00d6ffnungszeiten auch telefonisch erreichen.<\/p>\n<\/div><\/div>\n\n<div class=\"et_pb_module et_pb_button_module_wrapper et_pb_button_0_wrapper preset--module--divi-button--default_wrapper\"><a class=\"et_pb_button_0 et_pb_button et_pb_bg_layout_light et_pb_module et_block_module preset--module--divi-button--default\" href=\"tel:+49761806955\">Telefon (0761) 806955<\/a><\/div>\n\n<div class=\"et_pb_text_1 et_pb_text et_pb_bg_layout_light et_pb_module et_block_module\"><div class=\"et_pb_text_inner\"><p><strong>Bitte beachten Sie:<\/strong> Eine Reservierung kommt erst mit unserer Best\u00e4tigung zustande. Im Au\u00dfen&shy;bereich nehmen wir keine Reservierungen vor.<\/p>\n<\/div><\/div>\n<\/div>\n\n<div class=\"et_pb_column_1 et_pb_column et_pb_column_2_3 et-last-child et_block_column et_pb_css_mix_blend_mode_passthrough\">\n<div class=\"et_pb_contact_form_0 et_pb_contact_form_container clearfix et_pb_module et_flex_module divi_contact_form_helper_0\" data-form_unique_num=\"0\" data-form_unique_id=\"Kontakt-Reservierung-01\" id=\"et_pb_contact_form_Kontakt-Reservierung-01\" data-form-config='{\"required_fields_text\":\"Folgende Angaben fehlen:\",\"field_error_text\":\"Bitte beheben Sie folgende Fehler:\",\"invalid_email_text\":\"Please enter a valid email address.\",\"required_captcha_text\":\"Please complete the CAPTCHA.\",\"wrong_captcha_text\":\"There was a problem with the captcha verification.\",\"contactFormId\":\"kontakt-reservierung-01\",\"redirect\":{\"url\":\"https:\\\/\\\/k-lago.beebox.de\\\/restaurant\\\/kontakt-anfahrt\\\/nachricht-erhalten\\\/\",\"delay\":1000}}'><span class=\"et_pb_contact_spinner\"><\/span><div class=\"et-pb-contact-message\"><\/div><div class=\"et_pb_contact\"><form class=\"et_pb_contact_form et_flex_module\" method=\"post\" action=\"https:\/\/k-lago.beebox.de\/restaurant\/wp-json\/wp\/v2\/pages\/32\">\n<div class=\"et_pb_contact_field_0 et_pb_contact_field et_pb_module et_flex_module et_flex_column_12_24 et_flex_column_12_24_tablet et_flex_column_12_24_phone\" data-id=\"vorname\" data-type=\"input\"><label class=\"et_pb_contact_form_label\" for=\"et_pb_contact_0_vorname_0\">Vorname<\/label><div class=\"et_pb_contact_field_input_wrapper\"><span data-icon=\"&#61447;\" class=\"et_pb_contact_field_icon\"><\/span><input type=\"text\" name=\"et_pb_contact_0_vorname_0\" id=\"et_pb_contact_0_vorname_0\" class=\"input\" data-required_mark=\"required\" data-field_type=\"input\" data-original_id=\"vorname\" placeholder=\"Vorname\" title=\"\" value=\"\" aria-required=\"true\"><\/div><\/div>\n\n\n<div class=\"et_pb_contact_field_1 et_pb_contact_field et_pb_module et_flex_module et_flex_column_12_24 et_flex_column_12_24_tablet et_flex_column_12_24_phone\" data-id=\"nachname\" data-type=\"input\"><label class=\"et_pb_contact_form_label\" for=\"et_pb_contact_0_nachname_1\">Nachname<\/label><div class=\"et_pb_contact_field_input_wrapper\"><span data-icon=\"&#61447;\" class=\"et_pb_contact_field_icon\"><\/span><input type=\"text\" name=\"et_pb_contact_0_nachname_1\" id=\"et_pb_contact_0_nachname_1\" class=\"input\" data-required_mark=\"required\" data-field_type=\"input\" data-original_id=\"nachname\" placeholder=\"Nachname\" title=\"\" value=\"\" aria-required=\"true\"><\/div><\/div>\n\n\n<div class=\"et_pb_contact_field_2 et_pb_contact_field et_pb_module et_flex_module et_flex_column_24_24 et_flex_column_24_24_tablet et_flex_column_24_24_phone\" data-id=\"email\" data-type=\"email\"><label class=\"et_pb_contact_form_label\" for=\"et_pb_contact_0_email_2\">E-Mail-Adresse<\/label><div class=\"et_pb_contact_field_input_wrapper\"><span data-icon=\"&#61664;\" class=\"et_pb_contact_field_icon\"><\/span><input type=\"text\" name=\"et_pb_contact_0_email_2\" id=\"et_pb_contact_0_email_2\" class=\"input\" data-required_mark=\"required\" data-field_type=\"email\" data-original_id=\"email\" placeholder=\"E-Mail-Adresse\" title=\"\" value=\"\" aria-required=\"true\"><\/div><\/div>\n\n\n<div class=\"et_pb_contact_field_3 et_pb_contact_field et_pb_module et_flex_module et_flex_column_12_24 et_flex_column_12_24_tablet et_flex_column_12_24_phone\" data-id=\"anliegen\" data-type=\"radio\"><label class=\"et_pb_contact_form_label\">Welches Anliegen haben Sie?<\/label><span class=\"et_pb_contact_field_options_wrapper et_pb_field_module_radio\"><span class=\"et_pb_contact_field_options_title\">Welches Anliegen haben Sie?<\/span><span class=\"et_pb_contact_field_options_list\"><span class=\"et_pb_contact_field_radio\"><input type=\"radio\" name=\"et_pb_contact_0_anliegen_3\" id=\"et_pb_contact_0_anliegen_3_0\" class=\"input\" value=\"Reservierung\" data-required_mark=\"required\" data-field_type=\"radio\" data-original_id=\"anliegen\" data-id=\"-1\"><label for=\"et_pb_contact_0_anliegen_3_0\"><i><\/i>Reservierung<\/label><\/span><span class=\"et_pb_contact_field_radio\"><input type=\"radio\" name=\"et_pb_contact_0_anliegen_3\" id=\"et_pb_contact_0_anliegen_3_1\" class=\"input\" value=\"Allgemeine Anfrage\" data-required_mark=\"required\" data-field_type=\"radio\" data-original_id=\"anliegen\" data-id=\"0\"><label for=\"et_pb_contact_0_anliegen_3_1\"><i><\/i>Allgemeine Anfrage<\/label><\/span><\/span><\/span><input type=\"hidden\" readonly name=\"anliegen_cond_meta\" value=\"eyJpZCI6ImFubGllZ2VuIiwibGFiZWwiOiJXZWxjaGVzIEFubGllZ2VuIGhhYmVuIFNpZT8iLCJ0eXBlIjoicmFkaW8ifQ==\"><\/div>\n\n\n<div class=\"et_pb_contact_field_4 et_pb_contact_field et_pb_module et_flex_module et_flex_column_12_24 et_flex_column_12_24_tablet et_flex_column_12_24_phone\" data-id=\"personenzahl\" data-type=\"input\" data-conditional-logic='[[\"anliegen\",\"contains\",\"Reservierung\"]]' data-conditional-relation=\"any\"><label class=\"et_pb_contact_form_label\" for=\"et_pb_contact_0_personenzahl_4\">Wie viele Personen kommen insgesamt?<\/label><div class=\"et_pb_contact_field_input_wrapper\"><span data-icon=\"&#61632;\" class=\"et_pb_contact_field_icon\"><\/span><input type=\"text\" name=\"et_pb_contact_0_personenzahl_4\" id=\"et_pb_contact_0_personenzahl_4\" class=\"input\" data-required_mark=\"required\" data-field_type=\"input\" data-original_id=\"personenzahl\" placeholder=\"Wie viele Personen kommen insgesamt?\" pattern=\"[0-9\\s\\-]{1,3}\" title=\"Nur Zahlen erlaubt.Mindestl&auml;nge: 1 Zeichen. Maximale L&auml;nge: 3 Zeichen.\" maxlength=\"3\" value=\"\" aria-required=\"true\"><\/div><input type=\"hidden\" readonly name=\"personenzahl_cond_meta\" value=\"eyJpZCI6InBlcnNvbmVuemFobCIsImxhYmVsIjoiV2llIHZpZWxlIFBlcnNvbmVuIGtvbW1lbiBpbnNnZXNhbXQ\/IiwidHlwZSI6ImlucHV0In0=\"><\/div>\n\n\n<div class=\"et_pb_contact_field_5 et_pb_contact_field et_pb_module et_flex_module et_flex_column_12_24 et_flex_column_12_24_tablet et_flex_column_12_24_phone \" data-id=\"datum\" data-type=\"datetime-picker\" data-conditional-logic='[[\"anliegen\",\"contains\",\"Reservierung\"]]' data-conditional-relation=\"any\" config='{\"pickerType\":\"datePicker\",\"dateFormat\":\"l, d. F Y\",\"timeFormat\":\"\",\"dayOfWeekStart\":\"1\",\"disabledDaysOfWeek\":[1,2],\"locale\":\"de\",\"showInline\":false,\"setCurrentDateTime\":false,\"enableRTL\":false,\"disableWeekRowNumberMarker\":false,\"disablePastDates\":true,\"disableCurrentDate\":true,\"minDateType\":\"none\",\"maxDateType\":\"none\",\"timeSlotInterval\":30,\"disablePastTimes\":false,\"pickerPosition\":\"left-bottom\",\"currentDate\":\"2026-05-13\",\"minDate\":\"\",\"maxDate\":\"\"}'><label class=\"et_pb_contact_form_label\">An welchem Tag?<\/label><div class=\"et_pb_contact_field_input_wrapper\"><span data-icon=\"&#61632;\" class=\"et_pb_contact_field_icon\"><\/span><input type=\"text\" name=\"et_pb_contact_0_datum_5\" id=\"et_pb_contact_0_datum_5\" class=\"input datetimepicker\" data-required_mark=\"required\" data-field_type=\"text\" data-original_id=\"datum\" placeholder=\"An welchem Tag?\" inputmode=\"none\" readonly value=\"\" aria-required=\"true\"><\/div><input type=\"hidden\" readonly name=\"datum_cond_meta\" value=\"eyJpZCI6ImRhdHVtIiwibGFiZWwiOiJBbiB3ZWxjaGVtIFRhZz8iLCJ0eXBlIjoiZGF0ZXRpbWUtcGlja2VyIn0=\"><\/div>\n\n\n<div class=\"et_pb_contact_field_6 et_pb_contact_field et_pb_module et_flex_module et_flex_column_12_24 et_flex_column_12_24_tablet et_flex_column_12_24_phone \" data-id=\"uhrzeit\" data-type=\"datetime-picker\" data-conditional-logic='[[\"anliegen\",\"contains\",\"Reservierung\"]]' data-conditional-relation=\"any\" config='{\"pickerType\":\"timePicker\",\"dateFormat\":\"\",\"timeFormat\":\"H:i\",\"dayOfWeekStart\":\"1\",\"disabledDaysOfWeek\":[1],\"locale\":\"de\",\"showInline\":false,\"setCurrentDateTime\":true,\"enableRTL\":false,\"disableWeekRowNumberMarker\":false,\"disablePastDates\":false,\"disableCurrentDate\":false,\"minDateType\":\"none\",\"maxDateType\":\"none\",\"timeSlotInterval\":30,\"disablePastTimes\":false,\"pickerPosition\":\"left-bottom\",\"currentDate\":\"2026-05-13\",\"minDate\":\"\",\"maxDate\":\"\",\"minTime\":\"12.00\",\"maxTime\":\"21.00\"}'><label class=\"et_pb_contact_form_label\">Um wieviel Uhr?<\/label><div class=\"et_pb_contact_field_input_wrapper\"><span data-icon=\"&#61463;\" class=\"et_pb_contact_field_icon\"><\/span><input type=\"text\" name=\"et_pb_contact_0_uhrzeit_6\" id=\"et_pb_contact_0_uhrzeit_6\" class=\"input datetimepicker\" data-required_mark=\"required\" data-field_type=\"text\" data-original_id=\"uhrzeit\" placeholder=\"Um wieviel Uhr?\" inputmode=\"none\" readonly value=\"\" aria-required=\"true\"><\/div><input type=\"hidden\" readonly name=\"uhrzeit_cond_meta\" value=\"eyJpZCI6InVocnplaXQiLCJsYWJlbCI6IlVtIHdpZXZpZWwgVWhyPyIsInR5cGUiOiJkYXRldGltZS1waWNrZXIifQ==\"><\/div>\n\n\n<div class=\"et_pb_contact_field_7 et_pb_contact_field et_pb_module et_flex_module et_flex_column_24_24 et_flex_column_24_24_tablet et_flex_column_24_24_phone\" data-id=\"telefon-reservierung\" data-type=\"input\" data-conditional-logic='[[\"anliegen\",\"is\",\"Reservierung\"]]' data-conditional-relation=\"any\"><label class=\"et_pb_contact_form_label\" for=\"et_pb_contact_0_telefon-reservierung_7\">Telefonnummer f&uuml;r dringende R&uuml;ckfragen<\/label><div class=\"et_pb_contact_field_input_wrapper\"><span data-icon=\"&#62413;\" class=\"et_pb_contact_field_icon\"><\/span><input type=\"text\" name=\"et_pb_contact_0_telefon-reservierung_7\" id=\"et_pb_contact_0_telefon-reservierung_7\" class=\"input\" data-required_mark=\"required\" data-field_type=\"input\" data-original_id=\"telefon-reservierung\" placeholder=\"Telefonnummer f&uuml;r dringende R&uuml;ckfragen\" pattern=\"[0-9\\s\\-]{8,40}\" title=\"Nur Zahlen erlaubt.Mindestl&auml;nge: 8 Zeichen. Maximale L&auml;nge: 40 Zeichen.\" maxlength=\"40\" value=\"\" aria-required=\"true\"><\/div><input type=\"hidden\" readonly name=\"telefon-reservierung_cond_meta\" value=\"eyJpZCI6InRlbGVmb24tcmVzZXJ2aWVydW5nIiwibGFiZWwiOiJUZWxlZm9ubnVtbWVyIGZcdTAwZmNyIGRyaW5nZW5kZSBSXHUwMGZjY2tmcmFnZW4iLCJ0eXBlIjoiaW5wdXQifQ==\"><\/div>\n\n\n<div class=\"et_pb_contact_field_8 et_pb_contact_field et_pb_module et_flex_module et_flex_column_24_24 et_flex_column_24_24_tablet et_flex_column_24_24_phone\" data-id=\"telefon-optional\" data-type=\"input\" data-conditional-logic='[[\"anliegen\",\"is\",\"Allgemeine Anfrage\"]]' data-conditional-relation=\"any\"><label class=\"et_pb_contact_form_label\" for=\"et_pb_contact_0_telefon-optional_8\">Telefonnummer f&uuml;r R&uuml;ckfragen (optional)<\/label><div class=\"et_pb_contact_field_input_wrapper\"><span data-icon=\"&#62413;\" class=\"et_pb_contact_field_icon\"><\/span><input type=\"text\" name=\"et_pb_contact_0_telefon-optional_8\" id=\"et_pb_contact_0_telefon-optional_8\" class=\"input\" data-required_mark=\"not_required\" data-field_type=\"input\" data-original_id=\"telefon-optional\" placeholder=\"Telefonnummer f&uuml;r R&uuml;ckfragen (optional)\" pattern=\"[0-9\\s\\-]{8,40}\" title=\"Nur Zahlen erlaubt.Mindestl&auml;nge: 8 Zeichen. Maximale L&auml;nge: 40 Zeichen.\" maxlength=\"40\" value=\"\" aria-required=\"true\"><\/div><input type=\"hidden\" readonly name=\"telefon-optional_cond_meta\" value=\"eyJpZCI6InRlbGVmb24tb3B0aW9uYWwiLCJsYWJlbCI6IlRlbGVmb25udW1tZXIgZlx1MDBmY3IgUlx1MDBmY2NrZnJhZ2VuIChvcHRpb25hbCkiLCJ0eXBlIjoiaW5wdXQifQ==\"><\/div>\n\n\n<div class=\"et_pb_contact_field_9 et_pb_contact_field et_pb_module et_flex_module et_flex_column_24_24 et_flex_column_24_24_tablet et_flex_column_24_24_phone\" data-id=\"nachricht\" data-type=\"text\" data-conditional-logic='[[\"anliegen\",\"is\",\"Allgemeine Anfrage\"]]' data-conditional-relation=\"any\"><label class=\"et_pb_contact_form_label\" for=\"et_pb_contact_0_nachricht_9\">Nachricht<\/label><div class=\"et_pb_contact_field_input_wrapper\"><span data-icon=\"l\" class=\"et_pb_contact_field_icon\"><\/span><textarea name=\"et_pb_contact_0_nachricht_9\" id=\"et_pb_contact_0_nachricht_9\" class=\"et_pb_contact_message input\" data-required_mark=\"required\" data-field_type=\"text\" data-original_id=\"nachricht\" placeholder=\"Nachricht\" pattern=\"\" minlength=\"\" maxlength=\"\" title=\"\" aria-required=\"true\"><\/textarea><\/div><input type=\"hidden\" readonly name=\"nachricht_cond_meta\" value=\"eyJpZCI6Im5hY2hyaWNodCIsImxhYmVsIjoiTmFjaHJpY2h0IiwidHlwZSI6InRleHQifQ==\"><\/div>\n\n\n<div class=\"et_pb_contact_field_10 et_pb_contact_field et_pb_module et_flex_module et_flex_column_24_24 et_flex_column_24_24_tablet et_flex_column_24_24_phone\" data-id=\"anmerkung\" data-type=\"text\" data-conditional-logic='[[\"anliegen\",\"contains\",\"Reservierung\"]]' data-conditional-relation=\"any\"><label class=\"et_pb_contact_form_label\" for=\"et_pb_contact_0_anmerkung_10\">Anmerkung zur Reservierung (optional)<\/label><div class=\"et_pb_contact_field_input_wrapper\"><span data-icon=\"l\" class=\"et_pb_contact_field_icon\"><\/span><textarea name=\"et_pb_contact_0_anmerkung_10\" id=\"et_pb_contact_0_anmerkung_10\" class=\"et_pb_contact_message input\" data-required_mark=\"not_required\" data-field_type=\"text\" data-original_id=\"anmerkung\" placeholder=\"Anmerkung zur Reservierung (optional)\" pattern=\"\" minlength=\"\" maxlength=\"\" title=\"\" aria-required=\"true\"><\/textarea><\/div><input type=\"hidden\" readonly name=\"anmerkung_cond_meta\" value=\"eyJpZCI6ImFubWVya3VuZyIsImxhYmVsIjoiQW5tZXJrdW5nIHp1ciBSZXNlcnZpZXJ1bmcgKG9wdGlvbmFsKSIsInR5cGUiOiJ0ZXh0In0=\"><\/div>\n\n\n<div class=\"et_pb_contact_field_11 et_pb_contact_field et_pb_module et_flex_module et_flex_column_24_24 et_flex_column_24_24_tablet et_flex_column_24_24_phone\" data-id=\"datenschutz\" data-type=\"checkbox\"><label class=\"et_pb_contact_form_label\">Datenschutz<\/label><input type=\"hidden\" name=\"et_pb_contact_0_datenschutz_11\" class=\"et_pb_checkbox_handle\" data-required_mark=\"required\" data-field_type=\"checkbox\" data-original_id=\"datenschutz\"><span class=\"et_pb_contact_field_options_wrapper et_pb_field_module_checkbox\"><span class=\"et_pb_contact_field_options_title\">Datenschutz<\/span><span class=\"et_pb_contact_field_options_list\"><span class=\"et_pb_contact_field_checkbox\"><input type=\"checkbox\" id=\"et_pb_contact_0_datenschutz_11_0\" class=\"input\" value=\"Ich bin mit Ihren Richtlinien zum Datenschutz einverstanden.\" data-required_mark=\"required\" data-field_type=\"checkbox\" data-original_id=\"datenschutz\"><label for=\"et_pb_contact_0_datenschutz_11_0\"><i><\/i>Ich bin mit Ihren Richtlinien zum Datenschutz einverstanden.<\/label><\/span><\/span><\/span><\/div>\n\n\n<div class=\"et_pb_contact_field_12 et_pb_contact_field et_pb_module et_flex_module et_flex_column_24_24 et_flex_column_24_24_tablet et_flex_column_24_24_phone\" data-id=\"email-verifikation\" data-type=\"email\" data-conditional-logic='[[\"datenschutz\",\"is\",\"Ich bin mit Ihren Richtlinien zum Datenschutz einverstanden.\"]]' data-conditional-relation=\"any\"><label class=\"et_pb_contact_form_label\" for=\"et_pb_contact_0_email-verifikation_12\">Wiederholung Ihrer E-Mail zur Verifikation<\/label><div class=\"et_pb_contact_field_input_wrapper\"><span data-icon=\"&#61664;\" class=\"et_pb_contact_field_icon\"><\/span><input type=\"text\" name=\"et_pb_contact_0_email-verifikation_12\" id=\"et_pb_contact_0_email-verifikation_12\" class=\"input\" data-required_mark=\"required\" data-field_type=\"email\" data-original_id=\"email-verifikation\" placeholder=\"Wiederholung Ihrer E-Mail zur Verifikation\" title=\"\" value=\"\" aria-required=\"true\"><\/div><input type=\"hidden\" readonly name=\"email-verifikation_cond_meta\" value=\"eyJpZCI6ImVtYWlsLXZlcmlmaWthdGlvbiIsImxhYmVsIjoiV2llZGVyaG9sdW5nIElocmVyIEUtTWFpbCB6dXIgVmVyaWZpa2F0aW9uIiwidHlwZSI6ImVtYWlsIn0=\"><\/div>\n\n<input type=\"hidden\" name=\"et_pb_contactform_submit_Kontakt-Reservierung-01\" value=\"et_contact_proccess\"><div class=\"et_contact_bottom_container\"><div class=\"et_pb_contact_right et_pb_contact_field\"><p class=\"clearfix\"><label><span class=\"et_pb_contact_captcha_question\">15 + 7<\/span> = <input type=\"text\" size=\"2\" class=\"input et_pb_contact_captcha\" data-first_digit=\"15\" data-second_digit=\"7\" data-required_mark=\"required\" name=\"et_pb_contact_captcha_Kontakt-Reservierung-01\" autocomplete=\"off\"><\/label><\/p><\/div><div class=\"et_pb_button_wrapper\"><button type=\"submit\" name=\"et_builder_submit_button\" class=\"et_pb_button et_pb_contact_submit\" data-wait-text=\"Please Wait...\">Anfrage senden<\/button><\/div><\/div><input type=\"hidden\" id=\"_wpnonce-et-pb-contact-form-submitted-Kontakt-Reservierung-01\" name=\"_wpnonce-et-pb-contact-form-submitted-Kontakt-Reservierung-01\" value=\"7814c9a190\"><input type=\"hidden\" name=\"_wp_http_referer\" value=\"\/restaurant\/wp-json\/wp\/v2\/pages\/32\"><input type=\"hidden\" readonly inputmode=\"none\" name=\"et_pb_contact_field_referer_url\" value=\"\"><label aria-hidden=\"true\"><input type=\"radio\" name=\"et_pb_contact_hp_field_0\" id=\"et_pb_contact_hp_field_0\" tabindex=\"-1\" value=\"on\"><\/label><\/form><\/div><div class=\"et_pb_contact_form_overlay\"><div class=\"et_pb_contact_form_loader_spinner\"><\/div><\/div><\/div>\n\n<\/div>\n<\/div>\n<\/div>\n\n<div class=\"et_pb_section_2 et_pb_section et_section_regular et_block_section\">\n<div class=\"et_pb_row_1 et_pb_row et_block_row\">\n<div class=\"et_pb_column_2 et_pb_column et_pb_column_1_3 et_block_column et_pb_css_mix_blend_mode_passthrough\">\n<div class=\"et_pb_text_2 et_pb_text et_pb_bg_layout_light et_pb_module et_block_module\"><div class=\"et_pb_text_inner\"><h2>Ihr Weg zu uns:<\/h2>\n<p>Lago (im Seepark)<br \/>Gerhart-Hauptmann-Stra\u00dfe 1<br \/>79110 Freiburg im Breisgau<\/p>\n<\/div><\/div>\n<\/div>\n\n<div class=\"et_pb_column_3 et_pb_column et_pb_column_1_3 et_block_column et_pb_css_mix_blend_mode_passthrough\">\n<div class=\"et_pb_text_3 et_pb_text et_pb_bg_layout_light et_pb_module et_block_module\"><div class=\"et_pb_text_inner\"><h4>Mit der Stra\u00dfenbahn von der Freiburger Innenstadt und vom HBF:<\/h4>\n<p>Nehmen Sie die Stra\u00dfenbahn-Linie 1 (Richtung <em>\"Landwasser\"<\/em>) bis zur Haltestelle <em>\"Betzenhauser Torplatz\"<\/em>. Von dort gehen Sie \u00fcber den gro\u00dfen Platz und weiter geradeaus den Fu\u00dfweg zum Seepark. Bis zum LAGO sind es ca. 3 Gehminuten.<\/p>\n<\/div><\/div>\n<\/div>\n\n<div class=\"et_pb_column_4 et_pb_column et_pb_column_1_3 et-last-child et_block_column et_pb_css_mix_blend_mode_passthrough\">\n<div class=\"et_pb_text_4 et_pb_text et_pb_bg_layout_light et_pb_module et_block_module\"><div class=\"et_pb_text_inner\"><h4>Mit dem Auto von der Autobahn A5:<\/h4>\n<p>Mit dem Auto vom Autobahn-Zubringer <em>\"Freiburg Mitte\"<\/em> die Abfahrt <em>\"Offenburg, Industriegebiet-Nord\"<\/em> nehmen. Danach sofort wieder Ausfahrt <em>\"Betzenhausen\"<\/em> rechts abfahren. An der folgenden Kreuzung rechts fahren. An der n\u00e4chsten Kreuzung links in die Hofackerstra\u00dfe einbiegen. Den Schildern <em>\u201cP Seepark\u201d<\/em> ca. 300m folgen.<\/p>\n<\/div><\/div>\n<\/div>\n<\/div>\n<\/div>\n\n<div class=\"et_pb_section_3 et_pb_section et_section_regular et_block_section\">\n<div class=\"et_pb_row_2 et_pb_row et_block_row\">\n<div class=\"et_pb_column_5 et_pb_column et_pb_column_4_4 et-last-child et_block_column et_pb_css_mix_blend_mode_passthrough\">\n\n\n\n\n\n\n\n\n\n\n\n\n\n\n<div class=\"et_pb_module et_d4_element supreme_leaflet_map supreme_leaflet_map_0\">\n\t\t\t\t\n\t\t\t\t\n\t\t\t\t\n\t\t\t\t\n\t\t\t\t\n\t\t\t\t\n\t\t\t\t<div class=\"et_pb_module_inner\">\n\t\t\t\t\t<div class=\"supreme_leaflet_map_container\" data-supreme-leaflet-options={\"address_lat\":\"\",\"address_lng\":\"\",\"zoom_level\":13,\"use_custom_latlng\":true,\"address_custom_lat\":\"48.00279865648144\",\"address_custom_lng\":\"7.830292205528682\",\"address_custom_zoom\":13,\"maxZoom\":15,\"mapTiles\":\"osm\",\"scrollWheelZoom\":false,\"doubleClickZoom\":true,\"popupTrigger\":\"click\",\"PopupMaxWidth\":320,\"openAllPopup\":false,\"closePopupOnClick\":false,\"zoomControl\":true,\"autoClosePopup\":false,\"centerMap\":false,\"centerMapPadding\":100,\"markerCluster\":false,\"maxClusterRadius\":80}><div class=\"et_d4_element supreme_leaflet_map_item supreme_leaflet_map_item_0\">\n\t\t\t\t\n\t\t\t\t\n\t\t\t\t\n\t\t\t\t\n\t\t\t\t\n\t\t\t\t\n\t\t\t\t<div class=\"et_pb_module_inner\">\n\t\t\t\t\t<div data-supreme-leaflet-pin={&quot;lat&quot;:&quot;&quot;,&quot;lng&quot;:&quot;&quot;,&quot;use_custom_latlng&quot;:true,&quot;address_custom_lat&quot;:&quot;48.01246665585839&quot;,&quot;address_custom_lng&quot;:&quot;7.814002479688357&quot;,&quot;marker_custom&quot;:false,&quot;link_option_url&quot;:&quot;&quot;,&quot;url_new_window&quot;:false}><div class=\"supreme_leaflet_pin_title\">LAGO Freiburg<\/div><div class=\"supreme_leaflet_pin_content\"><p><strong>Cafe \u00b7 Restaurant \u00b7 Seeterrasse<\/strong><br \/>Gerhart-Hauptmann-Stra\u00dfe 1<br \/>79110 Freiburg im Breisgau<\/p>\n<p><a href=\"https:\/\/maps.app.goo.gl\/YVqWnS2bDxChRfc39\" target=\"_blank\" rel=\"noopener\">in Google Maps zeigen<\/a><\/p><\/div><\/div>\n\t\t\t\t<\/div>\n\t\t\t<\/div><\/div>\n\t\t\t\t<\/div>\n\t\t\t<\/div>\n\n\n\n\n\n\n\n\n\n\n\n\n\n\n<\/div>\n<\/div>\n<\/div>","protected":false},"excerpt":{"rendered":"","protected":false},"author":2,"featured_media":0,"parent":0,"menu_order":6,"comment_status":"closed","ping_status":"closed","template":"","meta":{"_seopress_robots_primary_cat":"","_seopress_titles_title":"","_seopress_titles_desc":"","_seopress_robots_index":"","_seopress_analysis_target_kw":"","_et_pb_use_builder":"on","_et_pb_old_content":"","_et_gb_content_width":"","footnotes":""},"class_list":["post-32","page","type-page","status-publish","hentry"],"dsm_author":{"name":"Danny","avatar_url":"https:\/\/secure.gravatar.com\/avatar\/2e44fae07d5f2b8121259c17704a53eaf8d96f8465b91dc2c82bfe3dec0dc975?s=96&d=mm&r=g","archive_link":"https:\/\/k-lago.beebox.de\/restaurant\/author\/bbxadmin\/","biodata":""},"dsm_categories":[],"dsm_attachment_categories":[],"dsm_featured_image":null,"dsm_comment_count":0,"_links":{"self":[{"href":"https:\/\/k-lago.beebox.de\/restaurant\/wp-json\/wp\/v2\/pages\/32","targetHints":{"allow":["GET"]}}],"collection":[{"href":"https:\/\/k-lago.beebox.de\/restaurant\/wp-json\/wp\/v2\/pages"}],"about":[{"href":"https:\/\/k-lago.beebox.de\/restaurant\/wp-json\/wp\/v2\/types\/page"}],"author":[{"embeddable":true,"href":"https:\/\/k-lago.beebox.de\/restaurant\/wp-json\/wp\/v2\/users\/2"}],"replies":[{"embeddable":true,"href":"https:\/\/k-lago.beebox.de\/restaurant\/wp-json\/wp\/v2\/comments?post=32"}],"version-history":[{"count":140,"href":"https:\/\/k-lago.beebox.de\/restaurant\/wp-json\/wp\/v2\/pages\/32\/revisions"}],"predecessor-version":[{"id":1327,"href":"https:\/\/k-lago.beebox.de\/restaurant\/wp-json\/wp\/v2\/pages\/32\/revisions\/1327"}],"wp:attachment":[{"href":"https:\/\/k-lago.beebox.de\/restaurant\/wp-json\/wp\/v2\/media?parent=32"}],"curies":[{"name":"wp","href":"https:\/\/api.w.org\/{rel}","templated":true}]}}