{"id":200,"date":"2025-07-04T09:15:15","date_gmt":"2025-07-04T07:15:15","guid":{"rendered":"https:\/\/k-lago.beebox.de\/restaurant\/?page_id=200"},"modified":"2026-03-08T11:41:22","modified_gmt":"2026-03-08T10:41:22","slug":"lago-freiburg-speisekarte","status":"publish","type":"page","link":"https:\/\/k-lago.beebox.de\/restaurant\/speisen-getraenke\/lago-freiburg-speisekarte\/","title":{"rendered":"Die Lago-Karte"},"content":{"rendered":"\n<div class=\"et_pb_section_0 et_pb_section et_pb_fullwidth_section et_section_regular et_block_section\"><section class=\"et_pb_fullwidth_header_0 et_pb_fullwidth_header et_pb_fullscreen et_pb_bg_layout_dark et_pb_text_align_center et_pb_section_parallax et_pb_module et_flex_module\"><span class=\"et-pb-parallax-wrapper\"><span class=\"et-pb-parallax-background et-pb-parallax-background-module--divi-fullwidth-header-0\" style=\"background-image:url(https:\/\/k-lago.beebox.de\/restaurant\/wp-content\/uploads\/2025\/07\/771A8952-Nackensteak-Salat-Bier-B1920xH1080px.jpg)\"><\/span><\/span><div class=\"et_pb_fullwidth_header_container center\"><div class=\"header-content-container center\"><div class=\"header-content et_flex_module\"><h1 class=\"et_pb_module_header\">Echte Lago-Klassiker: <br \/>Unsere Speisekarte<\/h1><div class=\"et_pb_header_button_wrapper\"><\/div><\/div><\/div><\/div><div class=\"et_pb_fullwidth_header_overlay\"><\/div><div class=\"et_pb_fullwidth_header_scroll\"><a class=\"scroll-down-container\" href=\"#\"><span class=\"scroll-down et-pb-icon\">;<\/span><\/a><\/div><\/section><\/div><div class=\"et_pb_section_1 et_pb_section et_section_regular et_block_section\"><div class=\"et_pb_row_0 et_pb_row et_pb_gutters4 et_block_row\"><div class=\"et_pb_column_0 et_pb_column et_pb_column_2_5 et_block_column et_pb_css_mix_blend_mode_passthrough\"><div class=\"et_pb_text_0 et_pb_text et_pb_bg_layout_light et_pb_module et_block_module\"><div class=\"et_pb_text_inner\"><h1>Frisch aus unserer K\u00fcche<\/h1>\n<p>Neben unserer <a href=\"https:\/\/k-lago.beebox.de\/restaurant\/speisen-getraenke\/lago-freiburg-saisonkarte\/\">regelm\u00e4\u00dfig wechselnden Saisonkarte<\/a> haben wir nat\u00fcrlich auch unsere echten <em>\"Lago-Klassiker\"<\/em>, die bei einigen unserer G\u00e4ste Erinnerungen an alte Zeiten wecken. In unserer K\u00fcche werden diese wunderbare Gerichte jeden Tag frisch f\u00fcr Sie gezaubert \u2013 vegan, vegetarisch, auch mit Fleisch oder Fisch und immer mit einer Portion Liebe.<\/p>\n<\/div><\/div><div class=\"et_pb_module et_pb_button_module_wrapper et_pb_button_0_wrapper preset--module--divi-button--default_wrapper\"><a class=\"et_pb_button_0 et_pb_button et_pb_bg_layout_light et_animated et_pb_module et_block_module preset--module--divi-button--default\" href=\"https:\/\/k-lago.beebox.de\/restaurant\/kontakt-anfahrt\/#sektion-reservierung\">Tisch reservieren<\/a><\/div><div class=\"et_pb_image_0 et_pb_image et_animated et_pb_module et_block_module\"><span class=\"et_pb_image_wrap\"><img loading=\"lazy\" decoding=\"async\" src=\"https:\/\/k-lago.beebox.de\/restaurant\/wp-content\/uploads\/2025\/07\/771A8901-Veggi-Teller-B1920xH1080px.jpg\" width=\"1920\" height=\"1080\" srcset=\"https:\/\/k-lago.beebox.de\/restaurant\/wp-content\/uploads\/2025\/07\/771A8901-Veggi-Teller-B1920xH1080px.jpg 1920w, https:\/\/k-lago.beebox.de\/restaurant\/wp-content\/uploads\/2025\/07\/771A8901-Veggi-Teller-B1920xH1080px-1280x720.jpg 1280w, https:\/\/k-lago.beebox.de\/restaurant\/wp-content\/uploads\/2025\/07\/771A8901-Veggi-Teller-B1920xH1080px-980x551.jpg 980w, https:\/\/k-lago.beebox.de\/restaurant\/wp-content\/uploads\/2025\/07\/771A8901-Veggi-Teller-B1920xH1080px-480x270.jpg 480w\" sizes=\"(min-width: 0px) and (max-width: 480px) 480px, (min-width: 481px) and (max-width: 980px) 980px, (min-width: 981px) and (max-width: 1280px) 1280px, (min-width: 1281px) 1920px, 100vw\" class=\"wp-image-772\" title=\"Vegetarischer Teller und Salat\" alt=\"Vegetarischer Teller und Salat\" \/><\/span><\/div><\/div><div class=\"et_pb_column_1 et_pb_column et_pb_column_3_5 et-last-child et_block_column et_pb_css_mix_blend_mode_passthrough\"><div class=\"et_pb_accordion_0 et_pb_accordion et_pb_module et_block_module preset--module--divi-accordion--default\"><div class=\"et_pb_accordion_item_0 et_pb_accordion_item et_pb_toggle et_pb_module et_pb_toggle_open et_block_module\"><h5 class=\"et_pb_toggle_title\">Suppen<\/h5><div class=\"et_pb_toggle_content\"><table class=\"table\">\n<tbody>\n<tr>\n<td><strong>Tagessuppe<br \/><\/strong> mit Steinofenbaguette<\/td>\n<td align=\"right\">6.80&nbsp;\u20ac<\/td>\n<\/tr>\n<tr>\n<td><strong>Curry-Kokossuppe<\/strong><br \/>mit Chilif\u00e4den und Steinofenbaguette<\/td>\n<td align=\"right\">8.80&nbsp;\u20ac<\/td>\n<\/tr>\n<\/tbody>\n<\/table>\n<\/div><\/div><div class=\"et_pb_accordion_item_1 et_pb_accordion_item et_pb_toggle et_pb_module et_pb_toggle_close et_block_module\"><h5 class=\"et_pb_toggle_title\">Salate<\/h5><div class=\"et_pb_toggle_content\"><table class=\"table\">\n<tbody>\n<tr>\n<td><strong>Gro\u00dfer gemischter Salat<\/strong><\/td>\n<td align=\"right\">14.80&nbsp;\u20ac<\/td>\n<\/tr>\n<tr>\n<td><strong>Bunte Blattsalate<\/strong><br \/>\nmit gegrillten Ziegenk\u00e4setalern im Zucchinimantel<\/td>\n<td align=\"right\">15.80&nbsp;\u20ac<\/td>\n<\/tr>\n<tr>\n<td><strong>Gebratene Putenstreifen<\/strong><br \/>\nan gro\u00dfem gemischtem Salat<\/td>\n<td align=\"right\">19.80&nbsp;\u20ac<\/td>\n<\/tr>\n<\/tbody>\n<\/table>\n<\/div><\/div><div class=\"et_pb_accordion_item_2 et_pb_accordion_item et_pb_toggle et_pb_module et_pb_toggle_close et_block_module\"><h5 class=\"et_pb_toggle_title\">Vegetarische Gerichte<\/h5><div class=\"et_pb_toggle_content\"><table class=\"table\">\n<tbody>\n<tr>\n<td><strong>Pfannkuchen gef\u00fcllt mit Ratatouille-Gem\u00fcse<\/strong><br \/>\nund Schafsk\u00e4se, dazu Salat<\/td>\n<td align=\"right\">17.80&nbsp;\u20ac<\/td>\n<\/tr>\n<tr>\n<td><strong>Tagliatelle mit hausgemachtem Paprika-Pesto<\/strong><br \/>\nPesto mit Grill-Paprika und ger\u00f6steten Kernen, Parmesanflocken und Salat<strong><br \/>\n<\/strong><\/td>\n<td align=\"right\">18.80&nbsp;\u20ac<\/td>\n<\/tr>\n<tr>\n<td><strong>Gegrillte Polenta-Taler auf Ratatouille-Gem\u00fcse<\/strong><br \/>\ndazu Salat<\/td>\n<td align=\"right\">17.80&nbsp;\u20ac<\/td>\n<\/tr>\n<tr>\n<td><strong>S\u00fc\u00dfkartoffel-Paprika-Curry<\/strong> (vegan)<br \/>\nmit Kokosmilch und Koriander, dazu Salat<\/td>\n<td  align=\"right\">18.80&nbsp;\u20ac<\/td>\n<\/tr>\n<tr>\n<td><strong>Linsen-Falaffel mit Rote-Beete-Hummus<\/strong> (vegan)<br \/>\nan gemischtem Salat<\/td>\n<td align=\"right\">18.80&nbsp;\u20ac<\/td>\n<\/tr>\n<\/tbody>\n<\/table>\n<\/div><\/div><div class=\"et_pb_accordion_item_3 et_pb_accordion_item et_pb_toggle et_pb_module et_pb_toggle_close et_block_module\"><h5 class=\"et_pb_toggle_title\">Fischgerichte<\/h5><div class=\"et_pb_toggle_content\"><table class=\"table\">\n<tbody>\n<tr>\n<td><em><strong>Frisch vom Forellenhof Umkirch:<\/strong><\/em><br \/>\n<strong>Forelle M\u00fcllerin<\/strong><br \/>\nmit Petersilienkartoffeln und Salat<\/td>\n<td align=\"right\">21.80&nbsp;\u20ac<\/td>\n<\/tr>\n<tr>\n<td><strong>Gegrilltes Lachsfilet an buntem Blattsalat<\/strong><br \/>\ndazu Steinofenbaguette<\/td>\n<td align=\"right\">21.80&nbsp;\u20ac<\/td>\n<\/tr>\n<tr>\n<td><strong>Tagliatelle \"LAGO\"<\/strong><br \/>\nmit frischem Lachs in Tomaten-Sahne-Sauce, dazu Salat<\/td>\n<td align=\"right\">22.80&nbsp;\u20ac<\/td>\n<\/tr>\n<\/tbody>\n<\/table>\n<\/div><\/div><div class=\"et_pb_accordion_item_4 et_pb_accordion_item et_pb_toggle et_pb_module et_pb_toggle_close et_block_module\"><h5 class=\"et_pb_toggle_title\">Fleischgerichte<\/h5><div class=\"et_pb_toggle_content\"><table class=\"table\">\n<tbody>\n<tr>\n<td><strong>Schweinesteak<\/strong><br \/>mit Kr\u00e4uterbutter, Pommes frites und Salat<\/td>\n<td align=\"right\">21.50\u00a0\u20ac<\/td>\n<\/tr>\n<tr>\n<td><strong>Schweinesteak<\/strong><br \/>mit Kr\u00e4uterbutter und gemischtem Salat<\/td>\n<td align=\"right\">20.50\u00a0\u20ac<\/td>\n<\/tr>\n<tr>\n<td><strong>Champignon-Rahmschnitzel<\/strong><br \/>mit frischen Sp\u00e4tzle und Salat<\/td>\n<td align=\"right\">21.80\u00a0\u20ac<\/td>\n<\/tr>\n<tr>\n<td><strong>Paniertes Schweine-Schnitzel<\/strong><br \/>mit Pommes frites und Salat<\/td>\n<td align=\"right\">21.80\u00a0\u20ac<\/td>\n<\/tr>\n<tr>\n<td><strong>Putensteak auf mediterranem Gem\u00fcse<\/strong><br \/>dazu Tagliatelle und Salat<strong><br \/><\/strong><\/td>\n<td align=\"right\">22.80\u00a0\u20ac<\/td>\n<\/tr>\n<tr>\n<td><strong>Putengeschnetzeltes auf Curry-Kokossauce<br \/><\/strong>dazu Langkorn-Wildreis und Salat<\/td>\n<td align=\"right\">23.80\u00a0\u20ac<\/td>\n<\/tr>\n<tr>\n<td><strong>Gegrilltes Rinderh\u00fcftsteak mit Kr\u00e4uterbutter<\/strong><br \/>dazu Pommes frites und Salat<\/td>\n<td align=\"right\">26.80\u00a0\u20ac<\/td>\n<\/tr>\n<tr>\n<td><strong>Extra Beilage<\/strong><br \/>Portion Braten- oder Champignonrahmsauce<\/td>\n<td align=\"right\">2.00\u00a0\u20ac<\/td>\n<\/tr>\n<\/tbody>\n<\/table>\n<\/div><\/div><div class=\"et_pb_accordion_item_5 et_pb_accordion_item et_pb_toggle et_pb_module et_pb_toggle_close et_block_module\"><h5 class=\"et_pb_toggle_title\">Kleine Gerichte<\/h5><div class=\"et_pb_toggle_content\"><table class=\"table\">\n<tbody>\n<tr>\n<td><strong>Flammkuchen mediterran<\/strong><br \/>mit Fetak\u00e4se, Zucchini, Tomaten und Oliven<\/td>\n<td align=\"right\">13.80 \u20ac<\/td>\n<\/tr>\n<tr>\n<td><strong>Els\u00e4sser Flammkuchen<\/strong><br \/>mit Schinken und Zwiebeln<\/td>\n<td align=\"right\">12.80\u00a0\u20ac<\/td>\n<\/tr>\n<tr>\n<td><strong>Wurstsalat <\/strong>mit Steinofenbaguette<\/td>\n<td align=\"right\">13.50\u00a0\u20ac<\/td>\n<\/tr>\n<tr>\n<td><strong>Els\u00e4sser Wurstsalat<\/strong><br \/>mit Steinofenbaguette<\/td>\n<td align=\"right\">14.50\u00a0\u20ac<\/td>\n<\/tr>\n<tr>\n<td><strong>Portion Pommes frites<\/strong><br \/>mit Ketchup, Mayonnaise oder Sauce<\/td>\n<td align=\"right\">5.80\u00a0\u20ac<\/td>\n<\/tr>\n<tr>\n<td><strong>Portion Sp\u00e4tzle mit Sauce<\/strong><\/td>\n<td align=\"right\">6.80\u00a0\u20ac<\/td>\n<\/tr>\n<tr>\n<td><strong>Kleiner gr\u00fcner Salat<\/strong><\/td>\n<td align=\"right\">4.80\u00a0\u20ac<\/td>\n<\/tr>\n<tr>\n<td><strong>Kleiner gemischter Salat<\/strong><\/td>\n<td align=\"right\">7.50\u00a0\u20ac<\/td>\n<\/tr>\n<\/tbody>\n<\/table>\n<\/div><\/div><div class=\"et_pb_accordion_item_6 et_pb_accordion_item et_pb_toggle et_pb_module et_pb_toggle_close et_block_module\"><h5 class=\"et_pb_toggle_title\">Extra Beilagen<\/h5><div class=\"et_pb_toggle_content\"><table class=\"table\">\n<tbody>\n<tr>\n<td>Pommes frites, Sp\u00e4tzle, Tagliatelle oder Salzkartoffeln<\/td>\n<td align=\"right\">3.00&nbsp;\u20ac<\/td>\n<\/tr>\n<\/tbody>\n<\/table>\n<\/div><\/div><\/div><\/div><\/div><\/div>\n","protected":false},"excerpt":{"rendered":"","protected":false},"author":2,"featured_media":0,"parent":65,"menu_order":1,"comment_status":"closed","ping_status":"closed","template":"","meta":{"_seopress_robots_primary_cat":"","_seopress_titles_title":"","_seopress_titles_desc":"","_seopress_robots_index":"","_seopress_analysis_target_kw":"","footnotes":""},"class_list":["post-200","page","type-page","status-publish","hentry"],"dsm_author":{"name":"Danny","avatar_url":"https:\/\/secure.gravatar.com\/avatar\/2e44fae07d5f2b8121259c17704a53eaf8d96f8465b91dc2c82bfe3dec0dc975?s=96&d=mm&r=g","archive_link":"https:\/\/k-lago.beebox.de\/restaurant\/author\/bbxadmin\/","biodata":""},"dsm_categories":[],"dsm_attachment_categories":[],"dsm_featured_image":null,"dsm_comment_count":0,"_links":{"self":[{"href":"https:\/\/k-lago.beebox.de\/restaurant\/wp-json\/wp\/v2\/pages\/200","targetHints":{"allow":["GET"]}}],"collection":[{"href":"https:\/\/k-lago.beebox.de\/restaurant\/wp-json\/wp\/v2\/pages"}],"about":[{"href":"https:\/\/k-lago.beebox.de\/restaurant\/wp-json\/wp\/v2\/types\/page"}],"author":[{"embeddable":true,"href":"https:\/\/k-lago.beebox.de\/restaurant\/wp-json\/wp\/v2\/users\/2"}],"replies":[{"embeddable":true,"href":"https:\/\/k-lago.beebox.de\/restaurant\/wp-json\/wp\/v2\/comments?post=200"}],"version-history":[{"count":50,"href":"https:\/\/k-lago.beebox.de\/restaurant\/wp-json\/wp\/v2\/pages\/200\/revisions"}],"predecessor-version":[{"id":1274,"href":"https:\/\/k-lago.beebox.de\/restaurant\/wp-json\/wp\/v2\/pages\/200\/revisions\/1274"}],"up":[{"embeddable":true,"href":"https:\/\/k-lago.beebox.de\/restaurant\/wp-json\/wp\/v2\/pages\/65"}],"wp:attachment":[{"href":"https:\/\/k-lago.beebox.de\/restaurant\/wp-json\/wp\/v2\/media?parent=200"}],"curies":[{"name":"wp","href":"https:\/\/api.w.org\/{rel}","templated":true}]}}